Dec 02 14:49:15.778 INFO testing system_dns-1.0.0 against master#8940af3cea4a9a9deabcaf843b2f8cad9a83fc61 for beta-1.31-5
Dec 02 14:49:15.779 INFO running `"docker" "create" "-v" "/mnt/big/crater/work/local/target-dirs/beta-1.31-5/worker-6/master#8940af3cea4a9a9deabcaf843b2f8cad9a83fc61:/target:rw,Z" "-v" "/mnt/big/crater/work/local/test-source/worker-6/beta-1.31-5/master#8940af3cea4a9a9deabcaf843b2f8cad9a83fc61:/source:ro,Z" "-v" "/mnt/big/crater/work/local/cargo-home:/cargo-home:ro,Z" "-v" "/mnt/big/crater/work/local/rustup-home:/rustup-home:ro,Z" "-e" "USER_ID=1000" "-e" "SOURCE_DIR=/source" "-e" "USER_ID=1000" "-e" "CMD=cargo +8940af3cea4a9a9deabcaf843b2f8cad9a83fc61-alt build --frozen" "-e" "CARGO_TARGET_DIR=/target" "-e" "CARGO_INCREMENTAL=0" "-e" "RUST_BACKTRACE=full" "-e" "RUSTFLAGS=--cap-lints=warn" "-e" "CARGO_HOME=/cargo-home" "-e" "RUSTUP_HOME=/rustup-home" "-m" "1536M" "--network" "none" "crater"`
Dec 02 14:49:16.295 INFO [stdout] c6949b4185e252e1ef36a5f66cdeb92cdf6f24bf2003f2f4481ed9df2b7523bc
Dec 02 14:49:16.303 INFO running `"docker" "start" "-a" "c6949b4185e252e1ef36a5f66cdeb92cdf6f24bf2003f2f4481ed9df2b7523bc"`
Dec 02 14:49:18.031 INFO [stderr] usermod: no changes
Dec 02 14:49:18.111 INFO [stderr]    Compiling system_dns v1.0.0 (/source)
Dec 02 14:49:19.099 INFO [stderr]     Finished dev [unoptimized + debuginfo] target(s) in 1.03s
Dec 02 14:49:19.102 INFO [stderr] su: No module specific data is present
Dec 02 14:49:20.571 INFO running `"docker" "inspect" "c6949b4185e252e1ef36a5f66cdeb92cdf6f24bf2003f2f4481ed9df2b7523bc"`
Dec 02 14:49:20.775 INFO running `"docker" "rm" "-f" "c6949b4185e252e1ef36a5f66cdeb92cdf6f24bf2003f2f4481ed9df2b7523bc"`
Dec 02 14:49:21.019 INFO [stdout] c6949b4185e252e1ef36a5f66cdeb92cdf6f24bf2003f2f4481ed9df2b7523bc
Dec 02 14:49:21.021 INFO running `"docker" "create" "-v" "/mnt/big/crater/work/local/target-dirs/beta-1.31-5/worker-6/master#8940af3cea4a9a9deabcaf843b2f8cad9a83fc61:/target:rw,Z" "-v" "/mnt/big/crater/work/local/test-source/worker-6/beta-1.31-5/master#8940af3cea4a9a9deabcaf843b2f8cad9a83fc61:/source:ro,Z" "-v" "/mnt/big/crater/work/local/cargo-home:/cargo-home:ro,Z" "-v" "/mnt/big/crater/work/local/rustup-home:/rustup-home:ro,Z" "-e" "USER_ID=1000" "-e" "SOURCE_DIR=/source" "-e" "USER_ID=1000" "-e" "CMD=cargo +8940af3cea4a9a9deabcaf843b2f8cad9a83fc61-alt test --frozen --no-run" "-e" "CARGO_TARGET_DIR=/target" "-e" "CARGO_INCREMENTAL=0" "-e" "RUST_BACKTRACE=full" "-e" "RUSTFLAGS=--cap-lints=warn" "-e" "CARGO_HOME=/cargo-home" "-e" "RUSTUP_HOME=/rustup-home" "-m" "1536M" "--network" "none" "crater"`
Dec 02 14:49:21.366 INFO [stdout] 478d77640ea6b63565a82e8d6078a14a5452b638bfe9d67b7dbb0c749454fac2
Dec 02 14:49:21.373 INFO running `"docker" "start" "-a" "478d77640ea6b63565a82e8d6078a14a5452b638bfe9d67b7dbb0c749454fac2"`
Dec 02 14:49:22.413 INFO [stderr] usermod: no changes
Dec 02 14:49:22.503 INFO [stderr]    Compiling system_dns v1.0.0 (/source)
Dec 02 14:49:24.111 INFO [stderr]     Finished dev [unoptimized + debuginfo] target(s) in 1.66s
Dec 02 14:49:24.114 INFO [stderr] su: No module specific data is present
Dec 02 14:49:24.779 INFO running `"docker" "inspect" "478d77640ea6b63565a82e8d6078a14a5452b638bfe9d67b7dbb0c749454fac2"`
Dec 02 14:49:25.095 INFO running `"docker" "rm" "-f" "478d77640ea6b63565a82e8d6078a14a5452b638bfe9d67b7dbb0c749454fac2"`
Dec 02 14:49:25.331 INFO [stdout] 478d77640ea6b63565a82e8d6078a14a5452b638bfe9d67b7dbb0c749454fac2
Dec 02 14:49:25.339 INFO running `"docker" "create" "-v" "/mnt/big/crater/work/local/target-dirs/beta-1.31-5/worker-6/master#8940af3cea4a9a9deabcaf843b2f8cad9a83fc61:/target:rw,Z" "-v" "/mnt/big/crater/work/local/test-source/worker-6/beta-1.31-5/master#8940af3cea4a9a9deabcaf843b2f8cad9a83fc61:/source:ro,Z" "-v" "/mnt/big/crater/work/local/cargo-home:/cargo-home:ro,Z" "-v" "/mnt/big/crater/work/local/rustup-home:/rustup-home:ro,Z" "-e" "USER_ID=1000" "-e" "SOURCE_DIR=/source" "-e" "USER_ID=1000" "-e" "CMD=cargo +8940af3cea4a9a9deabcaf843b2f8cad9a83fc61-alt test --frozen" "-e" "CARGO_TARGET_DIR=/target" "-e" "CARGO_INCREMENTAL=0" "-e" "RUST_BACKTRACE=full" "-e" "RUSTFLAGS=--cap-lints=warn" "-e" "CARGO_HOME=/cargo-home" "-e" "RUSTUP_HOME=/rustup-home" "-m" "1536M" "--network" "none" "crater"`
Dec 02 14:49:25.789 INFO [stdout] 6386a67701651b0c813efb971eceb56adc6695519eac846a3034547960dbe335
Dec 02 14:49:25.789 INFO running `"docker" "start" "-a" "6386a67701651b0c813efb971eceb56adc6695519eac846a3034547960dbe335"`
Dec 02 14:49:26.807 INFO [stderr] usermod: no changes
Dec 02 14:49:26.867 INFO [stderr]     Finished dev [unoptimized + debuginfo] target(s) in 0.02s
Dec 02 14:49:26.867 INFO [stderr]      Running /target/debug/deps/system_dns-9ea156d3dbe1d3de
Dec 02 14:49:26.871 INFO [stdout] 
Dec 02 14:49:26.871 INFO [stdout] running 1 test
Dec 02 14:49:26.947 INFO [stdout] test test_dns_lookup ... FAILED
Dec 02 14:49:26.947 INFO [stdout] 
Dec 02 14:49:26.947 INFO [stdout] failures:
Dec 02 14:49:26.947 INFO [stdout] 
Dec 02 14:49:26.947 INFO [stdout] ---- test_dns_lookup stdout ----
Dec 02 14:49:26.947 INFO [stdout] thread 'test_dns_lookup' panicked at 'Error occured looking up google.com "Temporary failure in name resolution"', src/lib.rs:177:19
Dec 02 14:49:26.947 INFO [stdout] stack backtrace:
Dec 02 14:49:26.947 INFO [stdout]    0:     0x555d2e0a74ef - std::sys::unix::backtrace::tracing::imp::unwind_backtrace::h3a8b83e1922cbdde
Dec 02 14:49:26.947 INFO [stdout]                                at libstd/sys/unix/backtrace/tracing/gcc_s.rs:49
Dec 02 14:49:26.947 INFO [stdout]    1:     0x555d2e0b0637 - std::sys_common::backtrace::print::h00d3155a29b4020f
Dec 02 14:49:26.947 INFO [stdout]                                at libstd/sys_common/backtrace.rs:71
Dec 02 14:49:26.947 INFO [stdout]                                at libstd/sys_common/backtrace.rs:59
Dec 02 14:49:26.947 INFO [stdout]    2:     0x555d2e0ab31f - std::panicking::default_hook::{{closure}}::hd7465c742e79e1bb
Dec 02 14:49:26.947 INFO [stdout]                                at libstd/panicking.rs:211
Dec 02 14:49:26.947 INFO [stdout]    3:     0x555d2e0ab01e - std::panicking::default_hook::h9e3966f2aa2a6e12
Dec 02 14:49:26.947 INFO [stdout]                                at libstd/panicking.rs:221
Dec 02 14:49:26.947 INFO [stdout]    4:     0x555d2e0ab9fe - std::panicking::rust_panic_with_hook::h587f091ae747d080
Dec 02 14:49:26.947 INFO [stdout]                                at libstd/panicking.rs:476
Dec 02 14:49:26.947 INFO [stdout]    5:     0x555d2e0ab5a1 - std::panicking::continue_panic_fmt::hb3a4fdede87f43a8
Dec 02 14:49:26.947 INFO [stdout]                                at libstd/panicking.rs:390
Dec 02 14:49:26.947 INFO [stdout]    6:     0x555d2e0ab4ee - std::panicking::begin_panic_fmt::h387afc7da9a10555
Dec 02 14:49:26.947 INFO [stdout]                                at libstd/panicking.rs:345
Dec 02 14:49:26.947 INFO [stdout]    7:     0x555d2e05533d - system_dns::test_dns_lookup::h63a556d1c0a16ba9
Dec 02 14:49:26.947 INFO [stdout]                                at src/lib.rs:177
Dec 02 14:49:26.947 INFO [stdout]    8:     0x555d2e055129 - system_dns::test_dns_lookup::{{closure}}::h8fc1c58dc0f63de4
Dec 02 14:49:26.947 INFO [stdout]                                at src/lib.rs:170
Dec 02 14:49:26.947 INFO [stdout]    9:     0x555d2e0528cd - core::ops::function::FnOnce::call_once::hbfd11f8212c3e2f5
Dec 02 14:49:26.947 INFO [stdout]                                at libcore/ops/function.rs:238
Dec 02 14:49:26.947 INFO [stdout]   10:     0x555d2e05a57e - <F as alloc::boxed::FnBox<A>>::call_box::hac903f91577a156c
Dec 02 14:49:26.947 INFO [stdout]                                at libtest/lib.rs:1468
Dec 02 14:49:26.947 INFO [stdout]                                at libcore/ops/function.rs:238
Dec 02 14:49:26.947 INFO [stdout]                                at liballoc/boxed.rs:672
Dec 02 14:49:26.947 INFO [stdout]   11:     0x555d2e0bb5e9 - __rust_maybe_catch_panic
Dec 02 14:49:26.947 INFO [stdout]                                at libpanic_unwind/lib.rs:102
Dec 02 14:49:26.947 INFO [stdout]   12:     0x555d2e07c1d2 - std::sys_common::backtrace::__rust_begin_short_backtrace::hb8f0d0309526c184
Dec 02 14:49:26.947 INFO [stdout]                                at libstd/panicking.rs:289
Dec 02 14:49:26.947 INFO [stdout]                                at libstd/panic.rs:392
Dec 02 14:49:26.947 INFO [stdout]                                at libtest/lib.rs:1423
Dec 02 14:49:26.947 INFO [stdout]                                at libstd/sys_common/backtrace.rs:136
Dec 02 14:49:26.947 INFO [stdout]   13:     0x555d2e07cc84 - std::panicking::try::do_call::hc2f7c8b9a348d8db
Dec 02 14:49:26.947 INFO [stdout]                                at libstd/thread/mod.rs:409
Dec 02 14:49:26.947 INFO [stdout]                                at libstd/panic.rs:313
Dec 02 14:49:26.947 INFO [stdout]                                at libstd/panicking.rs:310
Dec 02 14:49:26.947 INFO [stdout]   14:     0x555d2e0bb5e9 - __rust_maybe_catch_panic
Dec 02 14:49:26.947 INFO [stdout]                                at libpanic_unwind/lib.rs:102
Dec 02 14:49:26.947 INFO [stdout]   15:     0x555d2e069ebc - <F as alloc::boxed::FnBox<A>>::call_box::h6bfded618e480b32
Dec 02 14:49:26.947 INFO [stdout]                                at libstd/panicking.rs:289
Dec 02 14:49:26.947 INFO [stdout]                                at libstd/panic.rs:392
Dec 02 14:49:26.947 INFO [stdout]                                at libstd/thread/mod.rs:408
Dec 02 14:49:26.947 INFO [stdout]                                at liballoc/boxed.rs:672
Dec 02 14:49:26.947 INFO [stdout]   16:     0x555d2e0a920d - std::sys_common::thread::start_thread::h4c28257d67cdf9cb
Dec 02 14:49:26.947 INFO [stdout]                                at liballoc/boxed.rs:682
Dec 02 14:49:26.947 INFO [stdout]                                at libstd/sys_common/thread.rs:24
Dec 02 14:49:26.947 INFO [stdout]   17:     0x555d2e09d885 - std::sys::unix::thread::Thread::new::thread_start::hfecb2e7eff8fd34f
Dec 02 14:49:26.947 INFO [stdout]                                at libstd/sys/unix/thread.rs:90
Dec 02 14:49:26.947 INFO [stdout]   18:     0x7fcabab6e6b9 - start_thread
Dec 02 14:49:26.947 INFO [stdout]   19:     0x7fcaba68e41c - clone
Dec 02 14:49:26.947 INFO [stdout]   20:                0x0 - <unknown>
Dec 02 14:49:26.947 INFO [stdout] 
Dec 02 14:49:26.947 INFO [stdout] 
Dec 02 14:49:26.947 INFO [stdout] failures:
Dec 02 14:49:26.947 INFO [stdout]     test_dns_lookup
Dec 02 14:49:26.948 INFO [stdout] 
Dec 02 14:49:26.948 INFO [stdout] test result: FAILED. 0 passed; 1 failed; 0 ignored; 0 measured; 0 filtered out
Dec 02 14:49:26.948 INFO [stdout] 
Dec 02 14:49:26.948 INFO [stderr] error: test failed, to rerun pass '--lib'
Dec 02 14:49:26.948 INFO [stderr] su: No module specific data is present
Dec 02 14:49:27.838 INFO running `"docker" "inspect" "6386a67701651b0c813efb971eceb56adc6695519eac846a3034547960dbe335"`
Dec 02 14:49:28.083 INFO running `"docker" "rm" "-f" "6386a67701651b0c813efb971eceb56adc6695519eac846a3034547960dbe335"`
Dec 02 14:49:28.494 INFO [stdout] 6386a67701651b0c813efb971eceb56adc6695519eac846a3034547960dbe335
